))/(-3)) composite?
True
Let p be 17/((-833)/28) + 285897/(-7). Is (p/(-33) + 0)/(2/6) a composite number?
True
Is 501013/2 + 0 + 42/(-28) a prime number?
False
Let d(q) = -2*q**3 + 7*q**2 + 9*q - 10. Let c be d(8). Let x = c - -881. Is x composite?
False
Is (14 - 237277)*-1 + (0 - 0) composite?
True
Suppose 10*p + 9 = 11*p. Suppose p*a = 14*a + 40. Is a/2 - (-3811 + 4) prime?
True
Suppose 8*d - 68 - 10852 = 0. Suppose 3*s + 538 = m, 254 + d = 3*m - 4*s. Is m composite?
False
Is (-15)/(45/(-4018008)) + -3 a prime number?
True
Let h = 4759 - 151. Suppose -h = -2*f + u, f + 3*u - 711 - 1579 = 0. Is f a composite number?
True
Is 17525 + 56/(-8) - (3 + 2) a prime number?
False
Suppose 81 = 834*u - 825*u. Let t(w) = 4*w**3 - 16*w**2 - 13*w + 8. Let q(f) = f**3 - f**2 - f - 1. Let c(k) = 5*q(k) - t(k). Is c(u) a composite number?
True
Let k(h) = 205*h - 22. Suppose 46*p - 47*p - 26 = 0. Let w be 34/119 + p/(-7) + 1. Is k(w) prime?
False
Let i(s) = -s**3 + 64*s**2 - 115*s + 539. Is i(47) a prime number?
True
Suppose -5*i + 1 = -4, -2*d = i - 7. Suppose -a - d = -5. Is (-1)/2 + ((-39)/(-6) - a) prime?
False
Let q = -101 + 108. Suppose 87*l - 86*l - q = 0. Suppose 2*n + 1641 = 4*g + l*n, 4*n + 405 = g. Is g prime?
True
Let o = 566744 - -149163. Is o a composite number?
True
Let t(x) be the first derivative of 16/3*x**3 - 11 + 5*x - 1/4*x**4 + 9/2*x**2. Is t(16) a composite number?
False
Let s = 459430 + 180007. Is s composite?
True
Let a = -473 + -2366. Let x(j) = 88*j**2 - 11*j - 20. Let r be x(-8). Let s = a + r. Is s prime?
True
Let j(a) = -2823*a - 184. Is j(-5) prime?
True
Let h be ((-1)/(-5))/(28/(-70))*-1864. Let g = h + 1551. Is g prime?
False
Suppose -4*b - 4*f - 8 = 0, -4*b - 2*f + 0 - 16 = 0. Is 1065 - (0 + b + -2) prime?
False
Suppose -57*l + 35 = -64*l. Let w be 1 - 1 - 4/(-2). Is 252 - ((-10)/l)/w composite?
False
Suppose -6*g = -7*g - 1. Let s be 10 + (g - (-1 - 0)). Is s*(1 + (-675)/(-10)) prime?
False
Suppose 383*n - 7974024 = 755*n - 396*n. Is n composite?
False
Let m(q) = 88*q**2 - 15*q - 454. Is m(-21) a composite number?
False
Let b = -131 - -51. Is 27248/b*(-6 - -1) a prime number?
False
Let v = 239119 + 8064. Is v composite?
False
Let n(j) be the first derivative of 1058*j**2 + 3*j + 39. Is n(4) a prime number?
True
Suppose 0 = d - 24 + 24. Suppose d = -4*j - 125 + 393. Suppose -i = 2*r - j, 2*i = -0*i - 5*r + 133. Is i a prime number?
False
Let z(b) = 47*b + 70255. Is z(0) a composite number?
True
Let z(q) = q + 16. Let c be z(-13). Suppose -4*s = c*s - 56. Suppose s*k - 2*k - 1266 = 0. Is k a composite number?
False
Suppose 3*j + 7 = u + j, 5*u - 35 = -j. Suppose 4*z - 132 = -u*z. Is 6196/z - (-8)/12 prime?
False
Let y(m) = -m**3 + 3*m**2 + 14*m - 37. Let b be y(6). Let p = b - -4790. Is p composite?
False
Suppose -5636*g = -5669*g + 5229543. Is g a prime number?
False
Let c(h) = -2*h**3 - 30*h**2 + 6. Let m be c(-15). Suppose 44 = 3*w - 4*y + m, 3*w - y - 32 = 0. Is -533*(w/(-4) - (-12)/8) a composite number?
True
Suppose -23*a - 114159 + 618451 = -83979. Is a a prime number?
True
Suppose 14*c + 199336 - 642100 = 0. Let t = 53773 - c. Is t a prime number?
True
Let p(d) be the third derivative of -d**6/120 + 19*d**5/60 + d**4/24 + 25*d**3/6 - 25*d**2. Is p(16) a composite number?
False
Let t(g) = g**3 + 8*g**2 + 10*g - 8. Let d be t(-6). Suppose -d*z + 20415 = 11*z. Is z composite?
False
Suppose -4*b - f = -0*b - 23440, 4*f = -4*b + 23440. Suppose b = 2*l + 2*l. Is l composite?
True
Suppose 5*f + 58*j = 57*j + 1788078, 2*f - 3*j = 715255. Is f a composite number?
True
Let u = -40 + 170. Suppose 2*r + 0*r + 250 = -4*x, -2*x - 2*r - u = 0. Let g = 145 + x. Is g a composite number?
True
Let n(b) = 14*b + 22. Let j be n(23). Let i = j - 1391. Is -1 - i - 3 - 0 a prime number?
False
Suppose -n - 3*v = 1 - 3, v = 0. Let t(u) = -13*u + 107*u**2 + 9*u + 0*u + n. Is t(5) prime?
True
Let g be (-33663)/(-6) - 4 - 1/(-2). Let s = g - -5932. Is s a composite number?
True
Suppose n + 5*g + 3 = 0, 2*g = 7*g. Let v(z) be the third derivative of -361*z**4/8 + z**3/3 + 8*z**2 - 4*z. Is v(n) prime?
True
Suppose -107*l - 15 = -110*l, 5*a = 3*l + 903830. Is a a prime number?
False
Suppose 739818 + 106900 = 181*v. Is v a prime number?
False
Let q(y) = 694*y**3 - 19*y**2 + 62*y - 34. Is q(3) a prime number?
True
Suppose -5*f = 2*a - 222083, 2*f - 53090 - 35745 = a. Is f a composite number?
False
Suppose 114*j - 119*j + 5 = 0, -3*y + 744701 = 8*j. Is y composite?
False
Suppose 0 = y + y - 8. Suppose 1203 = y*k - 8065. Is k a composite number?
True
Let v = 1 + -6. Let p(y) be the second derivative of -7*y**5/10 + y**4/6 - 4*y**3/3 - 9*y**2/2 + 22*y + 12. Is p(v) composite?
False
Let h(y) = 95*y**2 + y - 3. Let n be h(2). Suppose x + 758 = 2*d, 9*d - x - n = 8*d. Is d prime?
True
Let y be (40/(-12) + 0)/(2/(-33)). Suppose -4*n + 65 + y = 0. Is 16870/n + (-4)/(-6) + 0 prime?
True
Suppose x - 105 = m, 4*m + 425 = 3*x - 4*x. Let b = 553 + m. Is b prime?
False
Suppose 4*k - 4*f = 24, 4*k - 17 = 3*f - 6*f. Let g(l) be the second derivative of 43*l**4/6 - 2*l**3/3 - l**2/2 + 42*l. Is g(k) a prime number?
True
Let u(i) = -14*i - 10*i**2 + 11 + 8*i - 39*i + 15*i - 43*i**3. Is u(-10) a prime number?
False
Suppose 34*b = 42938 - 13120. Let s = 2246 - b. Is s a prime number?
False
Suppose -6*l - 5*r - 1815831 = -9*l, -2*l = r - 1210580. Is l composite?
True
Suppose 6484586 = 10*c - 5017493 - 3892411. Is c a prime number?
True
Let z(r) = -14*r**3 + 2*r**2 - 54*r - 71. Is z(-20) prime?
True
Suppose 561*n = 553*n + 2450168. Is n a composite number?
True
Suppose -2*k - 36 = b + b, -4*k = -4*b + 88. Let d(c) = 2*c**2 + 39*c + 3. Let t be d(k). Suppose -4*f + u = -3*f - 25, f - 3*u = t. Is f a prime number?
False
Let w be 45 - (-2 - -17)/5. Suppose -8*o = -o - w. Is (8/o)/((-22)/(-1947)) a composite number?
True
Suppose -270*p = -236*p - 4994294. Is p prime?
True
Let i(w) = -2*w**2 + 6*w + 10. Let n be i(7). Let g = -43 - n. Is g/9 - (-9326)/3 composite?
False
Let s(y) = -51*y**2 + 5*y - 23. Let u be s(3). Let g = 680 + u. Is g composite?
True
Is (7/(-35)*379)/(3/(-15)) a prime number?
True
Let z be -1 + -5 + 4 + 5. Suppose -z*q = -r + 552, 3*q - 3*r - 23 = -575. Let h = q - -387. Is h a composite number?
True
Suppose -147*i - 32103798 = -225102009. Is i a prime number?
False
Let j(a) = 195*a**2 - 8 - 10*a - a**3 - 8*a - 5 - 206*a**2. Is j(-15) a composite number?
True
Suppose g - m = 527637, 5*g - 95801 = 2*m + 2542378. Is g composite?
True
Let k = 233 - 228. Let n = -388 + 3322. Suppose -k*h = -11*h + n. Is h a prime number?
False
Let h(i) = -18 + i**2 - 81*i + 5 + 82*i + 17*i**3. Let j be h(5). Suppose 0 = -u - 4, 5*u + j = -2*g + 4*g. Is g a composite number?
False
Let a = 209349 - 32794. Is a prime?
False
Let k(t) = -4*t**3 - 8*t**2 - 22*t - 577. Is k(-21) a prime number?
False
Suppose -4*k + 50*k - 4156831 = -157*k. Is k composite?
False
Let q(s) = -s**2 - 4*s - 2. Let a be q(-1). Suppose 2*i - 5 = -a. Suppose -2*r = -3*u + 5951, -2*u - i*r = -2872 - 1112. Is u a composite number?
False
Is -5 - (-267910 + (5 - 15) + 17) a prime number?
False
Suppose 23*s + 2842561 = 82*s. Is s a composite number?
False
Is 16/(-4) + ((-127)/2)/(61/(-696742)) prime?
True
Suppose -b + 0*b - 3 = 0, 2*m = 3*b + 9. Suppose -4*x + 5*h + 9725 = m, 2*h = -4*x - 3*h + 9755. Is x a composite number?
True
Let v(z) = -532277*z - 508. Is v(-1) a composite number?
True
Suppose -60460 = -2*w - 14330. Let c = -3533 + 3564. Suppose w = c*k - 26*k. Is k composite?
True
Suppose 37*l - 38*l = c - 1141413, -4565642 = -4*c + l. Is c prime?
False
Let p(z) = -3*z + 7. Let w be p(-5). Suppose 4*y - w = -14. Suppose 0 = 5*b - y*d - 2147, -2*b + b + d + 427 = 0. Is b composite?
False
Suppose 74*i - 256553 - 576317 = 0. Is i composite?
True
Suppose -b + 2*n + 19357 = 0, 121*b = 117*b - 3*n + 77483. Is b composite?
True
Is ((-1)/(-7))/(183535830/8739801 - 21) composite?
False
Suppose -16 + 240 = 28*g. Suppose 0 = 4*v - 3*d - 762 - 4862, 0 = -2*d + g. Is v a prime number?
True
Suppose 5*f = -2*i + 48 - 28, 2*f + 6 = 2*i. Suppose -3*t = -4*p + 649 + 394, -795 = -3*p - f*t. Is p composite?
False
Suppose 0 = -3*o - 8*o. Suppose 21889 = 3*s - 4*k, o = k - 1 - 4. Suppose s = 10*u - 4807. Is u a composite number